e of 10?
True
Is 3 a factor of 1169?
False
Is 72 a factor of 27288?
True
Is 11874 a multiple of 26?
False
Is 4 a factor of 800?
True
Is 828 a multiple of 46?
True
Does 12 divide 18828?
True
Does 10 divide 5994?
False
Does 44 divide 627?
False
Does 55 divide 6050?
True
Does 75 divide 2360?
False
Is 1465 a multiple of 11?
False
Is 9775 a multiple of 115?
True
Is 162 a factor of 5346?
True
Does 2 divide 184?
True
Is 4 a factor of 80?
True
Is 137 a multiple of 2?
False
Does 21 divide 653?
False
Is 143 a factor of 21736?
True
Does 97 divide 109088?
False
Is 46 a factor of 2438?
True
Is 16704 a multiple of 9?
True
Does 17 divide 187?
True
Is 2 a factor of 1976?
True
Is 17372 a multiple of 172?
True
Is 17 a factor of 510?
True
Is 83 a factor of 2075?
True
Is 8 a factor of 854?
False
Does 38 divide 1997?
False
Is 939 a multiple of 3?
True
Is 28 a factor of 642?
False
Is 9 a factor of 3868?
False
Is 64 a multiple of 16?
True
Does 15 divide 661?
False
Is 68 a factor of 13371?
False
Does 16 divide 2974?
False
Does 42 divide 126?
True
Is 7 a factor of 182?
True
Is 7 a factor of 6650?
True
Is 19632 a multiple of 30?
False
Is 129 a factor of 14774?
False
Does 13 divide 2823?
False
Does 6 divide 2032?
False
Is 64 a factor of 10777?
False
Is 3272 a multiple of 13?
False
Is 66240 a multiple of 321?
False
Is 5 a factor of 132?
False
Does 10 divide 3340?
True
Is 3240 a multiple of 45?
True
Does 19 divide 1170?
False
Is 20040 a multiple of 167?
True
Does 27 divide 1431?
True
Does 79 divide 313?
False
Does 17 divide 408?
True
Is 2692 a multiple of 17?
False
Is 14 a factor of 2742?
False
Is 4212 a multiple of 27?
True
Is 36782 a multiple of 14?
False
Does 10 divide 791?
False
Is 20 a factor of 6160?
True
Is 3709 a multiple of 85?
False
Does 20 divide 542?
False
Is 438 a multiple of 73?
True
Is 14400 a multiple of 45?
True
Is 888 a multiple of 12?
True
Is 156 a factor of 37923?
False
Does 51 divide 11985?
True
Is 2995 a multiple of 5?
True
Is 3107 a multiple of 73?
False
Does 3 divide 10971?
True
Does 4 divide 280?
True
Is 470 a multiple of 5?
True
Does 20 divide 1760?
True
Does 7 divide 4124?
False
Is 35948 a multiple of 43?
True
Does 74 divide 646?
False
Is 43 a factor of 1396?
False
Does 9 divide 236?
False
Does 33 divide 720?
False
Does 40 divide 2906?
False
Does 3 divide 583?
False
Is 42 a factor of 27228?
False
Is 240 a multiple of 80?
True
Is 154 a multiple of 9?
False
Is 17 a factor of 748?
True
Is 3 a factor of 309?
True
Does 86 divide 577?
False
Is 73 a factor of 26473?
False
Does 48 divide 602?
False
Does 8 divide 1567?
False
Does 2 divide 7335?
False
Does 44 divide 34502?
False
Does 19 divide 30913?
True
Is 7 a factor of 3045?
True
Is 75 a multiple of 15?
True
Is 13242 a multiple of 8?
False
Is 3 a factor of 180?
True
Is 3 a factor of 119?
False
Is 19 a factor of 40474?
False
Does 13 divide 5025?
False
Does 47 divide 470?
True
Is 683 a multiple of 55?
False
Does 39 divide 1264?
False
Is 672 a multiple of 28?
True
Is 1237 a multiple of 20?
False
Does 50 divide 26815?
False
Does 62 divide 496?
True
Is 53 a factor of 902?
False
Does 8 divide 928?
True
Is 13200 a multiple of 96?
False
Does 57 divide 513?
True
Does 30 divide 1830?
True
Is 2 a factor of 417?
False
Is 232 a factor of 86072?
True
Does 7 divide 1092?
True
Does 31 divide 715?
False
Is 140 a multiple of 28?
True
Is 6840 a multiple of 18?
True
Does 17 divide 136?
True
Does 68 divide 995?
False
Is 81 a factor of 4860?
True
Is 98 a factor of 1928?
False
Does 18 divide 1054?
False
Is 7 a factor of 931?
True
Is 3900 a multiple of 17?
False
Is 768 a multiple of 24?
True
Does 10 divide 30480?
True
Is 36 a factor of 1728?
True
Is 73 a factor of 2344?
False
Is 42 a factor of 546?
True
Does 152 divide 48792?
True
Does 18 divide 17997?
False
Is 7 a factor of 1397?
False
Is 17 a factor of 28118?
True
Does 13 divide 5738?
False
Is 630 a multiple of 63?
True
Does 2 divide 157?
False
Is 5621 a multiple of 11?
True
Does 14 divide 3192?
True
Does 11 divide 36?
False
Is 21 a factor of 33156?
False
Is 9 a factor of 17199?
True
Is 1576 a multiple of 134?
False
Is 13070 a multiple of 10?
True
Is 753 a multiple of 85?
False
Is 1858 even?
True
Is 22794 a multiple of 16?
False
Is 127 a multiple of 7?
False
Is 63 a factor of 9198?
True
Does 14 divide 840?
True
Does 60 divide 55080?
True
Is 12 a factor of 912?
True
Is 115 a factor of 8395?
True
Is 67 a factor of 5494?
True
Does 4 divide 261?
False
Is 8 a factor of 120?
True
Is 9 a factor of 10?
False
Does 34 divide 18632?
True
Is 7504 a multiple of 134?
True
Is 2151 a multiple of 13?
False
Does 11 divide 13860?
True
Is 71261 a multiple of 99?
False
Is 1455 a multiple of 19?
False
Is 104 a factor of 7488?
True
Is 137 a factor of 19454?
True
Is 25 a factor of 1525?
True
Is 22 a factor of 343?
False
Is 39 a factor of 2662?
False
Is 17 a factor of 44862?
False
Is 4 a factor of 540?
True
Is 27 a factor of 27459?
True
Is 11489 a multiple of 14?
False
Does 11 divide 262?
False
Is 396 a multiple of 4?
True
Is 40062 a multiple of 293?
False
Is 324 a multiple of 105?
False
Is 48 a factor of 9978?
False
Does 19 divide 212?
False
Does 6 divide 867?
False
Is 1920 a multiple of 30?
True
Is 1610 a multiple of 14?
True
Does 8 divide 27447?
False
Is 57 a factor of 7667?
False
Is 44 a factor of 50425?
False
Does 24 divide 8832?
True
Is 169 a factor of 845?
True
Is 21 a factor of 5032?
False
Does 42 divide 612?
False
Is 217 a multiple of 31?
True
Does 3 divide 127?
False
Does 155 divide 3410?
True
Does 90 divide 900?
True
Is 2756 a multiple of 53?
True
Is 9009 a multiple of 13?
True
Is 152 a factor of 14440?
True
Does 286 divide 122610?
False
Is 1947 a multiple of 59?
True
Is 37 a factor of 55093?
True
Is 80 a factor of 76695?
False
Does 20 divide 11320?
True
Does 5 divide 1260?
True
Does 27 divide 108?
True
Is 151 a factor of 44394?
True
Is 8 a factor of 1187?
False
Is 266 a multiple of 7?
True
Is 18 a factor of 1730?
False
Does 95 divide 2048?
False
Does 5 divide 11576?
False
Is 167 a factor of 9826?
False
Is 2 a factor of 241?
False
Is 3627 a multiple of 13?
True
Is 20 a multiple of 4?
True
Is 20160 a multiple of 40?
True
Is 77605 a multiple of 55?
True
Is 334 a multiple of 73?
False
Is 18564 a multiple of 12?
True
Is 3 a factor of 32339?
False
Is 1118 a multiple of 6?
False
Is 4 a factor of 240?
True
Is 3023 a multiple of 12?
False
Does 18 divide 620?
False
Does 85 divide 17389?
False
Does 84 divide 2100?
True
Is 1244 a multiple of 7?
False
Is 1034 a multiple of 18?
False
Does 3 divide 1490?
False
Is 81 a multiple of 81?
True
Does 48 divide 27032?
False
Is 9 a factor of 2862?
True
Is 2542 a multiple of 15?
False
Is 17 a factor of 26073?
False
Is 5560 a multiple of 7?
False
Does 39 divide 688?
False
Is 2336 a multiple of 8?
True
Is 19 a factor of 467?
False
Is 951 a multiple of 33?
False
Is 565 a multiple of 3?
False
Is 53 a factor of 3499?
False
Does 36 divide 43236?
True
Does 32 divide 720?
False
Is 370 a multiple of 35?
False
Is 27 a factor of 28286?
False
Is 12520 a multiple of 52?
False
Does 58 divide 685?
False
Is 222 a factor of 17982?
True
Does 13 divide 26728?
True
Is 832 a multiple of 13?
True
Does 9 divide 945?
True
Does 71 divide 497?
True
Is 23452 a multiple of 41?
True
Is 55 a factor of 1100?
True
Is 3 a factor of 1017?
True
Does 38 divide 4120?
False
Is 18 a factor of 18?
True
Is 8 a factor of 7720?
True
Is 1820 a multiple of 12?
False
Is 104 a multiple of 104?
True
Does 42 divide 5130?
False
Does 2 divide 141?
False
Is 28 a factor of 22621?
False
Is 91 a factor of 1092?
True
Is 31 a factor of 54901?
True
Is 33 a factor of 1256?
False
Does 12 divide 372?
True
Is 1512 a multiple of 7?
True
Is 35 a factor of 303?
False
Does 5 divide 2615?
True
Is 260 a multiple of 4?
True
Does 10 divide 940?
True
Is 30133 a multiple of 100?
False
Is 17 a factor of 15640?
True
Is 47 a factor of 849?
False
Does 33 divide 66?
True
Is 1647 a multiple of 3?
True
Does 21 divide 294?
True
Is 5 a factor of 150?
True
Is 7820 a multiple of 34?
True
Is 7997 a multiple of 81?
False
Does 5 divide 1690?
True
Is 1030 a multiple of 38?
False
Is 17294 a multiple of 34?
False
Is 15 a factor of 2427?
False
Is 648 a multiple of 41?
False
Does 4 divide 972?
True
Is 80 a factor of 25037?
False
Is 2 a factor of